{"id":157,"date":"2020-07-02T16:52:13","date_gmt":"2020-07-02T14:52:13","guid":{"rendered":"https:\/\/www.taam.cnrs.fr\/?page_id=157"},"modified":"2022-07-11T09:01:21","modified_gmt":"2022-07-11T07:01:21","slug":"ethique-et-bien-etre","status":"publish","type":"page","link":"https:\/\/www.taam.cnrs.fr\/index.php\/ethique-et-bien-etre\/","title":{"rendered":"\u00c9thique et bien-\u00eatre"},"content":{"rendered":"\t\t<div data-elementor-type=\"wp-page\" data-elementor-id=\"157\" class=\"elementor elementor-157\">\n\t\t\t\t\t\t<section class=\"elementor-section elementor-top-section elementor-element elementor-element-276b77c6 elementor-section-boxed elementor-section-height-default elementor-section-height-default\" data-id=\"276b77c6\" data-element_type=\"section\">\n\t\t\t\t\t\t<div class=\"elementor-container elementor-column-gap-default\">\n\t\t\t\t\t<div class=\"elementor-column elementor-col-100 elementor-top-column elementor-element elementor-element-33bb26ee\" data-id=\"33bb26ee\" data-element_type=\"column\">\n\t\t\t<div class=\"elementor-widget-wrap elementor-element-populated\">\n\t\t\t\t\t\t<div class=\"elementor-element elementor-element-3eeaff0f elementor-widget elementor-widget-text-editor\" data-id=\"3eeaff0f\" data-element_type=\"widget\" data-widget_type=\"text-editor.default\">\n\t\t\t\t<div class=\"elementor-widget-container\">\n\t\t\t\t\t\t\t\t\t<p><\/p>\n<p><strong>Une approche multisites pour la mise en oeuvre des 3Rs dans les politiques et la pratique<\/strong><\/p>\n<p><\/p>\n<p><strong>La Directive europ\u00e9enne 2010\/063EU et sa transposition fran\u00e7aise<\/strong><\/p>\n<p><\/p>\n<p>Les partenaires de PHENOMIN fonctionnent selon la Directive europ\u00e9enne 2010\/063 UE et sa transposition fran\u00e7aise (<strong>Directive europ\u00e9enne 2010\/063 UE, D\u00e9cret fran\u00e7ais \u00ab\u00a0D\u00e9cret n\u00b0 2013-118\u00a0\u00bb<\/strong> relatif \u00e0 la protection des animaux utilis\u00e9s \u00e0 des fins scientifiques) :<\/p>\n<p><\/p>\n<ul class=\"wp-block-list\">\n<li>Les animaux avec lesquels nous travaillons sont \u00e9lev\u00e9s dans nos installations ou proviennent d&rsquo;\u00e9leveurs certifi\u00e9s.<\/li>\n<li>Installations pour animaux : nos instituts ont des licences officielles d\u00e9livr\u00e9es par le v\u00e9t\u00e9rinaire r\u00e9gional officiel (DDPP) pour prendre soin des animaux, les \u00e9lever et ex\u00e9cuter les protocoles. <a href=\"http:\/\/www.phenomin.fr\/tools-technologies\/zootechny\/\" target=\"_blank\" rel=\"noopener\">Les conditions d&rsquo;h\u00e9bergement sont normalis\u00e9es et conformes \u00e0 la r\u00e9glementation afin de respecter le bien-\u00eatre des animaux.<\/a><\/li>\n<li>Personnel : tous les techniciens qui s&rsquo;occupent des animaux sont sp\u00e9cialement form\u00e9s.<\/li>\n<\/ul>\n<p><\/p>\n<p><strong>Concepts \u00e9thiques<\/strong><\/p>\n<p><\/p>\n<p>Suivre la directive europ\u00e9enne signifie aussi que nous travaillons selon des concepts \u00e9thiques :<\/p>\n<p><\/p>\n<p><strong>En 1959, Russel &amp; Burch ont d\u00e9velopp\u00e9 le <\/strong><a href=\"https:\/\/www.nc3rs.org.uk\/the-3rs\" target=\"_blank\" rel=\"noopener\"><strong>fameux concept des 3 Rs<\/strong><\/a><strong> afin de prot\u00e9ger les animaux utilis\u00e9s \u00e0 des fins scientifiques :<\/strong><\/p>\n<p><\/p>\n<ul class=\"wp-block-list\">\n<li>Remplacement : m\u00e9thodes qui \u00e9vitent ou remplacent l&rsquo;utilisation d&rsquo;animaux.<\/li>\n<li>R\u00e9duction : m\u00e9thodes qui minimisent le nombre d&rsquo;animaux utilis\u00e9s par exp\u00e9rience.<\/li>\n<li>Raffinement : m\u00e9thodes qui minimisent la souffrance et am\u00e9liorent le bien-\u00eatre des animaux.<\/li>\n<\/ul>\n<p><\/p>\n<p>Analyse b\u00e9n\u00e9fice-mal (Harm-Benefit Analysis, HBA) : l&rsquo;objectif principal de cette analyse est d&rsquo;\u00e9tablir un \u00e9quilibre entre<\/p>\n<p><\/p>\n<ul class=\"wp-block-list\">\n<li>Le b\u00e9n\u00e9fice que nous attendons d&rsquo;une exp\u00e9rience comme le r\u00e9sultat scientifique qui peut b\u00e9n\u00e9ficier aux humains, aux animaux ou \u00e0 l&rsquo;environnement.<\/li>\n<li>Le mal : contrainte animale, effet secondaire par exemple.<\/li>\n<\/ul>\n<p><\/p>\n<p><strong>Pour remplacer, le TAAM:<\/strong><\/p>\n<p><\/p>\n<ul class=\"wp-block-list\">\n<li>Apporte une aide et une sensibilisation au choix et\/ou \u00e0 la conception du meilleur mod\u00e8le pour un projet de recherche.<\/li>\n<li>S&rsquo;assure que l&rsquo;utilisation d&rsquo;autres mod\u00e8les <em>in vitro<\/em> (mol\u00e9culaires, cellulaires) a \u00e9t\u00e9 faite au pr\u00e9alable.<\/li>\n<\/ul>\n<p><\/p>\n<p><strong>Afin de r\u00e9duire, le TAAM :<\/strong><\/p>\n<p><\/p>\n<ul class=\"wp-block-list\">\n<li>R\u00e9alise la cong\u00e9lation centralis\u00e9e et coordonn\u00e9e des lign\u00e9es murines, ainsi que leur revivescence rapide afin de limiter au maximum la pr\u00e9servation des lign\u00e9es sous forme respirante (animaux vivants).<\/li>\n<li>Supervise et raisonne la g\u00e9n\u00e9ration de cohortes animales afin d&rsquo;\u00e9viter de reproduire des mod\u00e8les existants, de limiter la production d&rsquo;animaux \u00e0 l&rsquo;\u00e9chelle nationale et de rationaliser leurs \u00e9tudes en pipeline.<\/li>\n<li>D\u00e9veloppe des analyses fonctionnelles modernes non ou peu invasives, permettant un suivi longitudinal : \u00e9chographie, imagerie photo-acoustique, fluorescence pour suivre la lign\u00e9e cellulaire.<\/li>\n<\/ul>\n<p><\/p>\n<p>Nous participons \u00e0 la mise en place d&rsquo;une alternative pour r\u00e9duire le nombre d&rsquo;animaux utilis\u00e9s et am\u00e9liorer le contr\u00f4le qualit\u00e9 pour d\u00e9terminer la capacit\u00e9 d&rsquo;une lign\u00e9e de souris mutantes \u00e0 se r\u00e9tablir apr\u00e8s cryoconservation. Une r\u00e9cente publication de Phenomin d\u00e9crit une nouvelle approche technique utilis\u00e9e couramment dans les projets PHENOMIN (<a href=\"http:\/\/www.ncbi.nlm.nih.gov\/pmc\/articles\/PMC4569667\/\" target=\"_blank\" rel=\"noopener\"><em>Blastocyst genotyping for quality control of mouse mutant archives: an ethical and economical approach. <\/em>Transgenic Res. 2015; 24(5): 921\u2013927. F Scavizzi et al.,2015<\/a>)<\/p>\n<p><\/p>\n<p><strong>Afin de raffiner, le TAAM :<\/strong><\/p>\n<p><\/p>\n<ul class=\"wp-block-list\">\n<li>Poursuit l&rsquo;am\u00e9lioration des conditions d&rsquo;\u00e9levage et d&rsquo;h\u00e9bergement des rongeurs en ce qui concerne leur physiologie et leur comportement de socialisation.<\/li>\n<li>R\u00e9duit l&rsquo;utilisation des protocoles invasifs en d\u00e9ployant des m\u00e9thodes non invasives comme l&rsquo;imagerie.<\/li>\n<li>Assure la formation, le transfert des meilleures pratiques pour d\u00e9limiter le \u00ab\u00a0point final\u00a0\u00bb des \u00e9tudes.<\/li>\n<\/ul>\n<p><\/p>\n<p><strong>Comit\u00e9s \u00e9thiques et autorisation de projets<\/strong><\/p>\n<p><\/p>\n<p>Tous les projets du TAAM qui impliquent des animaux ont re\u00e7u une <strong>approbation de nos comit\u00e9s d&rsquo;\u00e9thique et une autorisation du minist\u00e8re de la Recherche<\/strong>.<\/p>\n<p><\/p>\n<p>Les \u00e9valuations de projets sont r\u00e9alis\u00e9es en suivant les <strong>concepts 3Rs et HBA <\/strong>(Harm-Benefit Analysis) avec une attention particuli\u00e8re sur le raffinement (utilisation de l&rsquo;anesth\u00e9sie, des analg\u00e9siques si n\u00e9cessaire, respect des bonnes pratiques).<\/p>\n<p><\/p>\n<p><strong>Organismes pour le bien-\u00eatre animal<\/strong><\/p>\n<p><\/p>\n<p>Les autorisations de projets sont d\u00e9livr\u00e9es avant de commencer un projet. Une fois qu&rsquo;ils ont \u00e9t\u00e9 initi\u00e9, les projets sont suivis sur le terrain par nos organismes de protection des animaux (Animal Welfare Bodies, <strong>AWB<\/strong>).<\/p>\n<p><\/p>\n<p>En plus de cette mission, les principales missions des AWB sont de conseiller les \u00e9quipes de recherche, de r\u00e9pondre aux questions d&rsquo;\u00e9thique et de bien-\u00eatre animal, de visiter les animaleries pour v\u00e9rifier le bon fonctionnement des protocoles et de d\u00e9velopper une fa\u00e7on \u00e9thique de travailler avec les animaux \u00e0 long terme. Ainsi, les AWB agissent de fa\u00e7on proactive pour am\u00e9liorer les conditions de vie des animaux.<\/p>\n<p><\/p>\t\t\t\t\t\t\t\t<\/div>\n\t\t\t\t<\/div>\n\t\t\t\t\t<\/div>\n\t\t<\/div>\n\t\t\t\t\t<\/div>\n\t\t<\/section>\n\t\t\t\t<\/div>\n\t\t","protected":false},"excerpt":{"rendered":"<p>Une approche multisites pour la mise en oeuvre des 3Rs dans les politiques et la pratique La Directive europ\u00e9enne 2010\/063EU et sa transposition fran\u00e7aise Les partenaires de PHENOMIN fonctionnent selon la Directive europ\u00e9enne 2010\/063 UE et sa transposition fran\u00e7aise (Directive europ\u00e9enne 2010\/063 UE, D\u00e9cret fran\u00e7ais \u00ab\u00a0D\u00e9cret n\u00b0 2013-118\u00a0\u00bb relatif \u00e0 la protection des animaux utilis\u00e9s&hellip; <br \/> <a class=\"read-more\" href=\"https:\/\/www.taam.cnrs.fr\/index.php\/ethique-et-bien-etre\/\">Read more<\/a><\/p>\n","protected":false},"author":1,"featured_media":0,"parent":0,"menu_order":0,"comment_status":"closed","ping_status":"closed","template":"","meta":{"footnotes":""},"class_list":["post-157","page","type-page","status-publish","hentry"],"yoast_head":"<!-- This site is optimized with the Yoast SEO plugin v26.4 - https:\/\/yoast.com\/wordpress\/plugins\/seo\/ -->\n<title>\u00c9thique et bien-\u00eatre - TAAM - CNRS Orl\u00e9ans<\/title>\n<meta name=\"robots\" content=\"index, follow, max-snippet:-1, max-image-preview:large, max-video-preview:-1\" \/>\n<link rel=\"canonical\" href=\"https:\/\/www.taam.cnrs.fr\/index.php\/ethique-et-bien-etre\/\" \/>\n<meta property=\"og:locale\" content=\"fr_FR\" \/>\n<meta property=\"og:type\" content=\"article\" \/>\n<meta property=\"og:title\" content=\"\u00c9thique et bien-\u00eatre - TAAM - CNRS Orl\u00e9ans\" \/>\n<meta property=\"og:description\" content=\"Une approche multisites pour la mise en oeuvre des 3Rs dans les politiques et la pratique La Directive europ\u00e9enne 2010\/063EU et sa transposition fran\u00e7aise Les partenaires de PHENOMIN fonctionnent selon la Directive europ\u00e9enne 2010\/063 UE et sa transposition fran\u00e7aise (Directive europ\u00e9enne 2010\/063 UE, D\u00e9cret fran\u00e7ais \u00ab\u00a0D\u00e9cret n\u00b0 2013-118\u00a0\u00bb relatif \u00e0 la protection des animaux utilis\u00e9s&hellip; Read more\" \/>\n<meta property=\"og:url\" content=\"https:\/\/www.taam.cnrs.fr\/index.php\/ethique-et-bien-etre\/\" \/>\n<meta property=\"og:site_name\" content=\"TAAM - CNRS Orl\u00e9ans\" \/>\n<meta property=\"article:modified_time\" content=\"2022-07-11T07:01:21+00:00\" \/>\n<meta name=\"twitter:card\" content=\"summary_large_image\" \/>\n<meta name=\"twitter:label1\" content=\"Dur\u00e9e de lecture estim\u00e9e\" \/>\n\t<meta name=\"twitter:data1\" content=\"4 minutes\" \/>\n<script type=\"application\/ld+json\" class=\"yoast-schema-graph\">{\"@context\":\"https:\/\/schema.org\",\"@graph\":[{\"@type\":\"WebPage\",\"@id\":\"https:\/\/www.taam.cnrs.fr\/index.php\/ethique-et-bien-etre\/\",\"url\":\"https:\/\/www.taam.cnrs.fr\/index.php\/ethique-et-bien-etre\/\",\"name\":\"\u00c9thique et bien-\u00eatre - TAAM - CNRS Orl\u00e9ans\",\"isPartOf\":{\"@id\":\"https:\/\/www.taam.cnrs.fr\/#website\"},\"datePublished\":\"2020-07-02T14:52:13+00:00\",\"dateModified\":\"2022-07-11T07:01:21+00:00\",\"breadcrumb\":{\"@id\":\"https:\/\/www.taam.cnrs.fr\/index.php\/ethique-et-bien-etre\/#breadcrumb\"},\"inLanguage\":\"fr-FR\",\"potentialAction\":[{\"@type\":\"ReadAction\",\"target\":[\"https:\/\/www.taam.cnrs.fr\/index.php\/ethique-et-bien-etre\/\"]}]},{\"@type\":\"BreadcrumbList\",\"@id\":\"https:\/\/www.taam.cnrs.fr\/index.php\/ethique-et-bien-etre\/#breadcrumb\",\"itemListElement\":[{\"@type\":\"ListItem\",\"position\":1,\"name\":\"Accueil\",\"item\":\"https:\/\/www.taam.cnrs.fr\/\"},{\"@type\":\"ListItem\",\"position\":2,\"name\":\"\u00c9thique et bien-\u00eatre\"}]},{\"@type\":\"WebSite\",\"@id\":\"https:\/\/www.taam.cnrs.fr\/#website\",\"url\":\"https:\/\/www.taam.cnrs.fr\/\",\"name\":\"TAAM - CNRS Orl\u00e9ans\",\"description\":\"Typage et Archivage d&#039;Animaux Mod\u00e8les - UAR 44\",\"publisher\":{\"@id\":\"https:\/\/www.taam.cnrs.fr\/#organization\"},\"potentialAction\":[{\"@type\":\"SearchAction\",\"target\":{\"@type\":\"EntryPoint\",\"urlTemplate\":\"https:\/\/www.taam.cnrs.fr\/?s={search_term_string}\"},\"query-input\":{\"@type\":\"PropertyValueSpecification\",\"valueRequired\":true,\"valueName\":\"search_term_string\"}}],\"inLanguage\":\"fr-FR\"},{\"@type\":\"Organization\",\"@id\":\"https:\/\/www.taam.cnrs.fr\/#organization\",\"name\":\"TAAM - CNRS Orl\u00e9ans\",\"url\":\"https:\/\/www.taam.cnrs.fr\/\",\"logo\":{\"@type\":\"ImageObject\",\"inLanguage\":\"fr-FR\",\"@id\":\"https:\/\/www.taam.cnrs.fr\/#\/schema\/logo\/image\/\",\"url\":\"https:\/\/www.taam.cnrs.fr\/wp-content\/uploads\/2025\/01\/cropped-LOGO_CNRS_BLEU.png\",\"contentUrl\":\"https:\/\/www.taam.cnrs.fr\/wp-content\/uploads\/2025\/01\/cropped-LOGO_CNRS_BLEU.png\",\"width\":875,\"height\":863,\"caption\":\"TAAM - CNRS Orl\u00e9ans\"},\"image\":{\"@id\":\"https:\/\/www.taam.cnrs.fr\/#\/schema\/logo\/image\/\"}}]}<\/script>\n<!-- \/ Yoast SEO plugin. -->","yoast_head_json":{"title":"\u00c9thique et bien-\u00eatre - TAAM - CNRS Orl\u00e9ans","robots":{"index":"index","follow":"follow","max-snippet":"max-snippet:-1","max-image-preview":"max-image-preview:large","max-video-preview":"max-video-preview:-1"},"canonical":"https:\/\/www.taam.cnrs.fr\/index.php\/ethique-et-bien-etre\/","og_locale":"fr_FR","og_type":"article","og_title":"\u00c9thique et bien-\u00eatre - TAAM - CNRS Orl\u00e9ans","og_description":"Une approche multisites pour la mise en oeuvre des 3Rs dans les politiques et la pratique La Directive europ\u00e9enne 2010\/063EU et sa transposition fran\u00e7aise Les partenaires de PHENOMIN fonctionnent selon la Directive europ\u00e9enne 2010\/063 UE et sa transposition fran\u00e7aise (Directive europ\u00e9enne 2010\/063 UE, D\u00e9cret fran\u00e7ais \u00ab\u00a0D\u00e9cret n\u00b0 2013-118\u00a0\u00bb relatif \u00e0 la protection des animaux utilis\u00e9s&hellip; Read more","og_url":"https:\/\/www.taam.cnrs.fr\/index.php\/ethique-et-bien-etre\/","og_site_name":"TAAM - CNRS Orl\u00e9ans","article_modified_time":"2022-07-11T07:01:21+00:00","twitter_card":"summary_large_image","twitter_misc":{"Dur\u00e9e de lecture estim\u00e9e":"4 minutes"},"schema":{"@context":"https:\/\/schema.org","@graph":[{"@type":"WebPage","@id":"https:\/\/www.taam.cnrs.fr\/index.php\/ethique-et-bien-etre\/","url":"https:\/\/www.taam.cnrs.fr\/index.php\/ethique-et-bien-etre\/","name":"\u00c9thique et bien-\u00eatre - TAAM - CNRS Orl\u00e9ans","isPartOf":{"@id":"https:\/\/www.taam.cnrs.fr\/#website"},"datePublished":"2020-07-02T14:52:13+00:00","dateModified":"2022-07-11T07:01:21+00:00","breadcrumb":{"@id":"https:\/\/www.taam.cnrs.fr\/index.php\/ethique-et-bien-etre\/#breadcrumb"},"inLanguage":"fr-FR","potentialAction":[{"@type":"ReadAction","target":["https:\/\/www.taam.cnrs.fr\/index.php\/ethique-et-bien-etre\/"]}]},{"@type":"BreadcrumbList","@id":"https:\/\/www.taam.cnrs.fr\/index.php\/ethique-et-bien-etre\/#breadcrumb","itemListElement":[{"@type":"ListItem","position":1,"name":"Accueil","item":"https:\/\/www.taam.cnrs.fr\/"},{"@type":"ListItem","position":2,"name":"\u00c9thique et bien-\u00eatre"}]},{"@type":"WebSite","@id":"https:\/\/www.taam.cnrs.fr\/#website","url":"https:\/\/www.taam.cnrs.fr\/","name":"TAAM - CNRS Orl\u00e9ans","description":"Typage et Archivage d&#039;Animaux Mod\u00e8les - UAR 44","publisher":{"@id":"https:\/\/www.taam.cnrs.fr\/#organization"},"potentialAction":[{"@type":"SearchAction","target":{"@type":"EntryPoint","urlTemplate":"https:\/\/www.taam.cnrs.fr\/?s={search_term_string}"},"query-input":{"@type":"PropertyValueSpecification","valueRequired":true,"valueName":"search_term_string"}}],"inLanguage":"fr-FR"},{"@type":"Organization","@id":"https:\/\/www.taam.cnrs.fr\/#organization","name":"TAAM - CNRS Orl\u00e9ans","url":"https:\/\/www.taam.cnrs.fr\/","logo":{"@type":"ImageObject","inLanguage":"fr-FR","@id":"https:\/\/www.taam.cnrs.fr\/#\/schema\/logo\/image\/","url":"https:\/\/www.taam.cnrs.fr\/wp-content\/uploads\/2025\/01\/cropped-LOGO_CNRS_BLEU.png","contentUrl":"https:\/\/www.taam.cnrs.fr\/wp-content\/uploads\/2025\/01\/cropped-LOGO_CNRS_BLEU.png","width":875,"height":863,"caption":"TAAM - CNRS Orl\u00e9ans"},"image":{"@id":"https:\/\/www.taam.cnrs.fr\/#\/schema\/logo\/image\/"}}]}},"_links":{"self":[{"href":"https:\/\/www.taam.cnrs.fr\/index.php\/wp-json\/wp\/v2\/pages\/157","targetHints":{"allow":["GET"]}}],"collection":[{"href":"https:\/\/www.taam.cnrs.fr\/index.php\/wp-json\/wp\/v2\/pages"}],"about":[{"href":"https:\/\/www.taam.cnrs.fr\/index.php\/wp-json\/wp\/v2\/types\/page"}],"author":[{"embeddable":true,"href":"https:\/\/www.taam.cnrs.fr\/index.php\/wp-json\/wp\/v2\/users\/1"}],"replies":[{"embeddable":true,"href":"https:\/\/www.taam.cnrs.fr\/index.php\/wp-json\/wp\/v2\/comments?post=157"}],"version-history":[{"count":15,"href":"https:\/\/www.taam.cnrs.fr\/index.php\/wp-json\/wp\/v2\/pages\/157\/revisions"}],"predecessor-version":[{"id":4279,"href":"https:\/\/www.taam.cnrs.fr\/index.php\/wp-json\/wp\/v2\/pages\/157\/revisions\/4279"}],"wp:attachment":[{"href":"https:\/\/www.taam.cnrs.fr\/index.php\/wp-json\/wp\/v2\/media?parent=157"}],"curies":[{"name":"wp","href":"https:\/\/api.w.org\/{rel}","templated":true}]}}